remainder when 34904 is divided by 3168?
56
What is the remainder when 3001 is divided by 782?
655
What is the remainder when 37591 is divided by 3?
1
What is the remainder when 386110 is divided by 12?
10
Calculate the remainder when 1759 is divided by 379.
243
What is the remainder when 25570 is divided by 164?
150
Calculate the remainder when 3756 is divided by 140.
116
What is the remainder when 81748 is divided by 81745?
3
Calculate the remainder when 7984 is divided by 60.
4
Calculate the remainder when 2300 is divided by 9.
5
Calculate the remainder when 907 is divided by 177.
22
Calculate the remainder when 455698 is divided by 930.
928
What is the remainder when 1189757 is divided by 104?
101
What is the remainder when 30220 is divided by 75?
70
What is the remainder when 149146 is divided by 867?
22
What is the remainder when 10989 is divided by 196?
13
Calculate the remainder when 97636 is divided by 24398.
44
What is the remainder when 253 is divided by 124?
5
What is the remainder when 18481 is divided by 1422?
1417
What is the remainder when 841787 is divided by 6?
5
What is the remainder when 533154 is divided by 45?
39
What is the remainder when 205 is divided by 55?
40
Calculate the remainder when 26884 is divided by 1801.
1670
What is the remainder when 505 is divided by 37?
24
Calculate the remainder when 15017 is divided by 15006.
11
Calculate the remainder when 8259 is divided by 219.
156
What is the remainder when 63353 is divided by 674?
671
Calculate the remainder when 60195 is divided by 399.
345
What is the remainder when 27511 is divided by 2737?
141
What is the remainder when 6173 is divided by 13?
11
What is the remainder when 83097 is divided by 50?
47
What is the remainder when 120200 is divided by 53?
49
Calculate the remainder when 6342 is divided by 15.
12
What is the remainder when 1429 is divided by 68?
1
Calculate the remainder when 39773 is divided by 42.
41
What is the remainder when 53491 is divided by 26739?
13
What is the remainder when 18278 is divided by 28?
22
Calculate the remainder when 23183 is divided by 211.
184
What is the remainder when 42705 is divided by 21344?
17
Calculate the remainder when 14237 is divided by 153.
8
What is the remainder when 176261 is divided by 15?
11
Calculate the remainder when 63961 is divided by 21277.
130
Calculate the remainder when 13276 is divided by 17.
16
What is the remainder when 52489 is divided by 362?
361
Calculate the remainder when 77544 is divided by 77530.
14
What is the remainder when 472 is divided by 319?
153
What is the remainder when 19743 is divided by 168?
87
Calculate the remainder when 204 is divided by 145.
59
What is the remainder when 825278 is divided by 423?
5
What is the remainder when 1538 is divided by 88?
42
What is the remainder when 11987 is divided by 5944?
99
Calculate the remainder when 6966 is divided by 101.
98
What is the remainder when 2288 is divided by 172?
52
Calculate the remainder when 262687 is divided by 8.
7
What is the remainder when 8207 is divided by 913?
903
Calculate the remainder when 4470 is divided by 3757.
713
What is the remainder when 10448 is divided by 5224?
0
Calculate the remainder when 829122 is divided by 29.
12
What is the remainder when 3047 is divided by 3046?
1
What is the remainder when 11158 is divided by 859?
850
Calculate the remainder when 17911 is divided by 64.
55
What is the remainder when 3170 is divided by 533?
505
What is the remainder when 1369463 is divided by 346?
341
What is the remainder when 59020 is divided by 19618?
166
Calculate the remainder when 4033 is divided by 120.
73
Calculate the remainder when 53042 is divided by 1179.
1166
Calculate the remainder when 388650 is divided by 803.
801
Calculate the remainder when 7509 is divided by 51.
12
What is the remainder when 184467 is divided by 107?
106
What is the remainder when 262410 is divided by 303?
12
Calculate the remainder when 1326 is divided by 213.
48
Calculate the remainder when 4661 is divided by 4233.
428
Calculate the remainder when 153933 is divided by 101.
9
Calculate the remainder when 19587 is divided by 15.
12
What is the remainder when 825479 is divided by 206369?
3
Calculate the remainder when 238016 is divided by 21637.
9
What is the remainder when 26896 is divided by 869?
826
What is the remainder when 90582 is divided by 134?
132
Calculate the remainder when 454383 is divided by 134.
123
What is the remainder when 40018 is divided by 13?
4
What is the remainder when 56282 is divided by 2813?
22
Calculate the remainder when 8488 is divided by 4219.
50
What is the remainder when 2208018 is divided by 226?
224
What is the remainder when 8975 is divided by 600?
575
Calculate the remainder when 67688 is divided by 3223.
5
Calculate the remainder when 152361 is divided by 178.
171
What is the remainder when 1662114 is divided by 3?
0
What is the remainder when 335914 is divided by 252?
250
What is the remainder when 560123 is divided by 3?
2
Calculate the remainder when 491 is divided by 149.
44
What is the remainder when 14277 is divided by 288?
165
What is the remainder when 20844 is divided by 4161?
39
Calculate the remainder when 4457 is divided by 2225.
7
Calculate the remainder when 150408 is divided by 119.
111
What is the remainder when 653 is divided by 34?
7
Calculate the remainder when 68681 is divided by 28.
25
What is the remainder when 398512 is divided by 223?
11
What is the remainder when 173239 is divided by 86617?
5
What is the remainder when 20726 is divided by 9?
8
Calculate the remainder when 50237 is divided by 16741.
14
Calculate the remainder when 439886 is divided by 258.
254
Calculate the remainder when 4135 is divided by 274.
25
What is the remainder when 19636 is divided by 30?
16
What is the remainder when 20117 is divided by 19?
15
Calculate the remainder when 6027 is divided by 757.
728
What is the remainder when 433 is divided by 65?
43
Calculate the remainder when 8825 is divided by 1760.
25
What is the remainder when 7399 is divided by 5251?
2148
Calculate the remainder when 242035 is divided by 9681.
10
Calculate the remainder when 109873 is divided by 137.
136
What is the remainder when 13084 is divided by 100?
84
Calculate the remainder when 13746 is divided by 93.
75
Calculate the remainder when 3044948 is divided by 91.
88
What is the remainder when 1536606 is divided by 768302?
2
What is the remainder when 156743 is divided by 667?
665
What is the remainder when 866 is divided by 135?
56
What is the remainder when 38154 is divided by 152?
2
What is the remainder when 24624 is divided by 2039?
156
Calculate the remainder when 27395 is divided by 153.
8
Calculate the remainder when 4144 is divided by 28.
0
What is the remainder when 8008 is divided by 1793?
836
Calculate the remainder when 921672 is divided by 61444.
12
Calculate the remainder when 21551 is divided by 400.
351
What is the remainder when 2518701 is divided by 11?
9
Calculate the remainder when 11406 is divided by 573.
519
Calculate the remainder when 681771 is divided by 645.
6
What is the remainder when 361006 is divided by 218?
216
Calculate the remainder when 6959 is divided by 114.
5
What is the remainder when 27492 is divided by 233?
231
What is the remainder when 36240 is divided by 954?
942
Calculate the remainder when 2195 is divided by 1087.
21
Calculate the remainder when 26219 is divided by 62.
55
Calculate the remainder when 29548 is divided by 220.
68
Calculate the remainder when 39624 is divided by 259.
256
Calculate the remainder when 52324 is divided by 38.
36
What is the remainder when 36387 is divided by 35?
22
What is the remainder when 12896 is divided by 3208?
64
What is the remainder when 216313 is divided by 26?
19
Calculate the remainder when 12196 is divided by 4061.
13
Calculate the remainder when 298968 is divided by 70.
68
Calculate the remainder when 208103 is divided by 116.
115
What is the remainder when 664821 is divided by 131?
127
Calculate the remainder when 418947 is divided by 244.
243
What is the remainder when 7535 is divided by 3749?
37
Calculate the remainder when 83709 is divided by 327.
324
What is the remainder when 151734 is divided by 78?
24
What is the re